11
Let f(a) = a**3 + 7*a**2 - 22*a - 160. What is f(-5)?
0
Let z(g) = g**2 + 38*g + 243. Determine z(-12).
-69
Let x(n) = n**3 - 41*n**2 + 75*n + 212. Calculate x(39).
95
Let r(c) = c**3 - 27*c**2 - 66*c + 1062. Give r(28).
-2
Let q(x) = -2*x**3 + 152*x**2 + 309*x + 41. Give q(78).
-193
Let q(m) = -307*m - 465. Give q(0).
-465
Let j(c) = -4*c**2 + 70*c - 19. Calculate j(5).
231
Let l(d) = -d**2 + 5*d + 1. Give l(-1).
-5
Let k(d) = -2*d**2 - 48*d - 266. Give k(-5).
-76
Let q(f) = 255*f**3 + 1. Determine q(-1).
-254
Let s(w) = 14*w - 225. Give s(15).
-15
Let j(g) = -g**2 - 55*g - 214. Give j(-54).
-160
Let q(d) = d**2 - 297*d - 1870. Calculate q(-6).
-52
Let w(q) = q**3 - 28*q**2 + 192*q - 19. Give w(16).
-19
Let d(y) = -18*y - 210. What is d(-12)?
6
Let x(g) = g**3 + 11*g**2 + 5*g - 177. Determine x(-8).
-25
Let m(r) = -31*r**2 + 966*r - 173. Calculate m(31).
-18
Let k(s) = s**3 + 10*s**2 - 242*s - 2403. What is k(-10)?
17
Let v(j) = 7*j + 50. Give v(7).
99
Let m(f) = -f**3 + 25*f**2 + 8*f + 68. Give m(25).
268
Let g(o) = 128*o**2 + 11*o - 18. Calculate g(2).
516
Let z(p) = p**3 - 54*p**2 + 4*p - 278. What is z(54)?
-62
Let d(j) = 3*j**2 + 388*j + 126. What is d(-129)?
-3
Let w(d) = 4*d**2 + 10*d - 62. What is w(6)?
142
Let v(g) = -g**2 + 22*g - 82. Calculate v(17).
3
Let g(c) = -3*c**3 - 135*c**2 + 141*c + 131. Calculate g(-46).
-7
Let u(b) = -b**3 + 14*b**2 - 23*b - 13. Give u(11).
97
Let l(w) = 8*w**2 - 285*w - 2145. Calculate l(42).
-3
Let t(z) = -344*z - 40609. Determine t(-118).
-17
Let d(p) = -p**2 - 37*p - 263. Calculate d(-21).
73
Let w(i) = -2*i**3 - 20*i**2 - 33*i - 11. Give w(-8).
-3
Let u(h) = 3*h**3 - 58*h**2 + 228*h - 11. Determine u(14).
45
Let d(y) = 16*y**2 + 1567*y - 93. Calculate d(-98).
5
Let d(c) = -6*c + 148. Calculate d(28).
-20
Let l(z) = -z**2 + 49*z - 263. Determine l(37).
181
Let m(p) = -4*p**3 + 19*p**2 + 146*p - 700. Determine m(5).
5
Let h(d) = 31*d**2 - 324. Determine h(0).
-324
Let s(i) = -6*i - 497. Give s(0).
-497
Let c(b) = -3*b**3 + 3*b**2 + 20*b - 21. Calculate c(4).
-85
Let v(h) = h**2 - 506*h + 9251. Determine v(19).
-2
Let y(a) = -17*a**3 - 6*a**2 + 122*a - 242. Calculate y(2).
-158
Let u(k) = -2*k**2 - 32*k + 1226. Calculate u(-34).
2
Let q(h) = 151*h**2 - 56*h + 99. Give q(2).
591
Let j(k) = k**3 + 13*k**2 - 36*k + 37. Calculate j(-15).
127
Let w(y) = -81*y + 1851. What is w(21)?
150
Let y(h) = -2*h**3 - h**2 + 135*h + 1. Give y(0).
1
Let k(n) = n**3 - n**2 - 2*n - 27. What is k(-8)?
-587
Let f(n) = -n**3 + 137*n**2 + 701*n - 26. What is f(-5)?
19
Let k(y) = 13*y**3 - 5*y**2 + 6*y - 2. What is k(2)?
94
Let b(k) = 3*k**3 + 57*k**2 - 127*k - 2424. Calculate b(-19).
-11
Let y(l) = 738*l - 1563. Give y(2).
-87
Let q(l) = -l**3 + 8*l**2 - 9*l + 31. Calculate q(5).
61
Let m(k) = -k**3 - 14*k**2 + 12*k - 14. What is m(-15)?
31
Let z(o) = -37*o - 2470. What is z(-67)?
9
Let g(t) = 5*t**2 - 96*t + 449. Calculate g(12).
17
Let h(n) = -29*n**3 - 4*n**2 - 15*n - 10. Determine h(-1).
30
Let w(n) = n**2 + 16*n - 274. Determine w(-27).
23
Let t(a) = 122*a - 3180. Calculate t(26).
-8
Let u(i) = -265*i + 1343. Calculate u(3).
548
Let v(y) = -11*y**3 - 14*y**2 - 22*y. Calculate v(-2).
76
Let r(c) = -531*c - 534. What is r(-1)?
-3
Let j(a) = -2*a**3 - 49*a**2 - 171*a - 52. Calculate j(-4).
-24
Let f(j) = -2*j**2 + 36*j - 215. Calculate f(10).
-55
Let h(l) = -l**2 - 15*l - 2. Calculate h(-14).
12
Let k(j) = -3*j**3 - 2*j**2 + 42*j - 41. Give k(1).
-4
Let i(q) = 255*q - 693. What is i(3)?
72
Let a(c) = 84*c + 2020. Calculate a(-24).
4
Let q(o) = 28*o**2 - 3. Give q(-2).
109
Let q(x) = 174*x + 4715. Give q(-27).
17
Let o(j) = 7*j**2 - 4*j + 5. Determine o(-6).
281
Let x(l) = -l**3 - 18*l**2 - 82*l - 12. Determine x(-9).
-3
Let g(i) = 2*i**3 + 2*i**2 - 41*i - 129. Calculate g(-4).
-61
Let l(v) = -2*v**2 + 140*v - 1859. Determine l(52).
13
Let l(u) = 3*u**2 - 36*u - 340. What is l(-6)?
-16
Let q(x) = 116*x**3 - 6*x**2 + 6*x + 8. Give q(2).
924
Let b(l) = 257*l + 58852. Give b(-229).
-1
Let z(c) = -c**2 - 12*c - 18. Determine z(-2).
2
Let j(r) = 28*r - 85. What is j(0)?
-85
Let h(b) = -86*b - 619. Determine h(-7).
-17
Let i(u) = -u**3 - 48*u**2 - 529*u + 336. Determine i(-30).
6
Let b(u) = -5*u**2 - 10*u - 22. What is b(-2)?
-22
Let f(s) = -50*s**2 + 245*s - 246. What is f(1)?
-51
Let t(o) = -120*o + 1916. Calculate t(16).
-4
Let r(d) = -19*d**2 - 15*d + 16. Calculate r(1).
-18
Let y(n) = -n**3 + 16*n**2 + n + 50. Calculate y(16).
66
Let p(m) = m**3 - 52*m**2 - 1925*m + 5. What is p(77)?
5
Let n(t) = 220*t - 1334. What is n(6)?
-14
Let z(f) = 35*f - 1227. What is z(35)?
-2
Let l(h) = h**2 - 3295*h + 19735. What is l(6)?
1
Let a(c) = -2*c**3 + c**2 + 39*c - 14. Determine a(-6).
220
Let q(g) = -3*g**3 + 24*g + 10. Calculate q(0).
10
Let w(v) = -23*v + 719. Calculate w(31).
6
Let i(n) = -29*n + 343. Give i(12).
-5
Let n(c) = -c**3 + 58*c**2 + 61*c - 126. Calculate n(59).
-8
Let i(t) = -39*t - 64. Determine i(-3).
53
Let h(o) = -364*o + 14. Give h(0).
14
Let h(i) = i + 17. Calculate h(6).
23
Let z(l) = -l**3 - 113*l**2 - 435*l + 184. Calculate z(-109).
75
Let n(k) = -9*k**2 - 32*k + 56. Calculate n(-5).
-9
Let j(w) = 2*w**2 + 224*w + 3979. What is j(-90)?
19
Let c(l) = 3*l - 30. What is c(7)?
-9
Let p(q) = 106*q**2 - 77*q - 152. Calculate p(-2).
426
Let i(c) = -63*c - 274. What is i(-6)?
104
Let b(g) = 24*g + 222. Determine b(-19).
-234
Let x(f) = -f**2 - 124*f - 3468. Give x(-84).
-108
Let l(v) = 3*v**3 + 76*v**2 + 163*v + 37. Determine l(-23).
-9
Let l(y) = -5*y**3 + 3*y**2 - 58*y + 226. Determine l(4).
-278
Let a(v) = -237*v + 232. What is a(1)?
-5
Let s(q) = -5*q + 58. Calculate s(-40).
258
Let j(p) = p**3 - 30*p**2 + 7*p + 1365. Give j(28).
-7
Let n(h) = -h**3 + 12*h**2 - 6*h + 5. Determine n(6).
185
Let o(k) = -k**3 - 75*k**2 - 142*k + 241. Give o(-73).
-51
Let m(o) = -o**2 - 53*o - 99. Calculate m(-2).
3
Let i(c) = c**3 - 17*c**2 - 23*c + 50. Calculate i(18).
-40
Let c(x) = 2*x**3 + 33*x**2 + 28*x + 114. What is c(-15)?
369
Let a(h) = -h**2 + 29*h - 13. Calculate a(20).
167
Let z(s) = -s**3 + 19*s**2 - 43*s + 141. What is z(17)?
-12
Let t(l) = 12*l**2 + 945*l + 706. What is t(-78)?
4
Let i(u) = u**2 + 123*u + 123. Determine i(-1).
1
Let p(o) = -482*o + 1933. Calculate p(4).
5
Let p(h) = -1362*h + 5410. Calculate p(4).
-38
Let t(l) = -l**2 + 40*l - 314. Give t(11).
5
Let w(s) = s**3 - 17*s**2 - 54*s - 1937. Determine w(23).
-5
Let t(p) = -38*p - 1841. What is t(-48)?
-17
Let v(s) = 447*s + 5026. What is v(-11)?
109
Let m(r) = -260*r**2 - 231*r - 4. Calculate m(-1).
-33
Let d(k) = -736*k + 1475. What is d(2)?
3
Let f(h) = h**3 - 10*h + 7. Calculate f(3).
4
Let r(i) = -160*i + 1967. What is r(11)?
207
Let h(p) = p**2 - 38*p + 169. Give h(5).
4
Let q(y) = y**2 + 56*y + 408. Calculate q(-47).
-15
Let j(d) = -18*d**2 - 368*d - 31. What is j(-20)?
129
Let d(z) = -11*z**2 - 16*z - 269. Give d(0).
-269
Let m(x) = 8*x**2 - 296*x - 42. Determine m(37).
-42
Let c(h) = -2*h**3 + 11*h**2 - 16*h + 55. Determine c(5).
0
Let r(g) = 7*g + 77. Determine r(-10).
7
Let n(x) = -830*x - 7460. Calculate n(-9).
10
Let i(d) = -4*d**2 + 4*d + 175. Give i(7).
7
Let c(r) = -522*r + 546. What is c(1)?
24
Let k(m) = 3*m**2 - 14*m - 5. Determine k(4).
-13
Let v(q) = q**3 + 4*q**2 + 3*q + 90. What is v(-6)?
0
Let n(s) = 54*s + 2012. Give n(-37).
14
Let m(a) = 2*a**3 - 18*a**2 - 25*a - 24. What is m(10)?
-74
Let q(z) = z**3 - 17*z**2 - 43*z - 24. What is q(20)?
316
Let f(h) = -h**2 - 15*h - 18. Give f(12).
-342
Let i(l) = -2*l**2 - 76*l + 159. Calculate i(-40).
-1
Let d(b) = b**2 + 188*b - 2825. What is d(14)?
3
Let m(r) = -16*r + 153. Calculate m(9).
9
Let m(z) = -z**3 + 14*z**2 + 82*z - 1095. Give m(15).
-90
Let u(v) = 303*v**3 + v**2 + 3*v + 2. Calculate u(-1).
-303
Let c(f) = -f**3 - 8*f**2 + 43*f + 386. What is c(-10)?
156
Let w(h) = -80*h + 1545. Determine w(19).
25
Let w(l) = 3*l**2 - 31*l + 30. Calculate w(15).
240
Let b(f) = -43*f**2 - 5547*f + 3. What is b(-129)?
3
Let m(k) = 21*k**2 - 200*k - 214. What is m(-1)?
7
Let c(u) = -302*u + 956. Give c(3).
50
Let v(s) = -2*s**3 - 95*s**2 - 212*s + 594. Calculate v(-45).
9
Let n(q) = -q**3 - 32*q**2 - 109*q + 56. Calculate n(-28).
-28
Let x(a) = -2*a**3 - 30*a**2 - 3*a - 9. What is x(-15)?
36
Let t(